nd 9.
9
Let w(v) = 27*v - 1. Let a be w(1). Suppose 90*b = 2*b - 158*b + 3198. What is the greatest common divisor of b and a?
13
Let d(w) be the first derivative of 165*w**2/2 - 33*w + 17. Let l be d(6). Calculate the highest common divisor of l and 33.
33
Suppose 398*l - 403*l = -30. Suppose -4*j + 2*s = -54, -3*s + l = -j + 17. Calculate the greatest common divisor of 1050 and j.
14
Let h(q) = -146*q + 9688. Let w be h(66). What is the highest common divisor of w and 5?
1
Let s be (96/15)/((-1)/(-5)). Suppose 3 = -191*a + 192*a. Suppose -4*z = a*o - 38, -2*z - 34*o + 6 = -39*o. What is the greatest common factor of z and s?
8
Let d = 249 - 159. Let c be 4 - -1 - (-39)/(-13). Suppose c*r = -r + 30. What is the highest common divisor of d and r?
10
Suppose -48*h - 42 = -50*h. Let w(l) = 6*l - 68. Let j be w(h). Calculate the greatest common factor of j and 464.
58
Let m(v) = -19*v - 1389. Let c be m(-79). What is the greatest common factor of c and 196?
28
Suppose 10617 - 29517 = -25*m. What is the highest common factor of 216 and m?
108
Let c be 11/4 - 4850*20/(-160). Calculate the highest common factor of 1449 and c.
21
Let j be (4 + 200/(-70))/(1/7). Calculate the greatest common factor of j and 188.
4
Let j = -474 - -462. Let y be 719/6 - 1*2/j. What is the greatest common divisor of y and 320?
40
Let k be (-28)/(-182) + 100/26. Suppose -3*d = 4*w - 80, -k*w = -6 - 2. Calculate the greatest common factor of 8 and d.
8
Let w(k) = k**2 + 3*k + 4. Let q be w(-4). Let s = 18 - -283. Let i = s - 289. What is the greatest common divisor of i and q?
4
Suppose -5*k = 2*r - 9*k - 62, 2*r - 70 = 2*k. Calculate the greatest common factor of r and 221.
13
Suppose -20*w - 1145 = 775. Let z = -64 - w. What is the greatest common factor of 40 and z?
8
Let w(p) = -p**3 - 5*p**2 + p. Let a be w(-6). Let f(z) = -43*z**2 + 246*z + 10. Let g be f(5). Calculate the greatest common divisor of a and g.
15
Let m(h) = -8*h**3 - 6*h**2 - 8*h + 1. Let o be m(-2). Suppose -o = -8*b + 95. Calculate the greatest common factor of b and 76.
19
Suppose 0*f + 244 = 4*v - 2*f, 3*f + 12 = 0. Suppose -148*m - 85 = -514*m + 138*m + 143*m. What is the highest common factor of v and m?
1
Let o = 57 + -55. Suppose -o*i = 6, -8*a + 4*i = -3*a - 22. Suppose 5*y + 17 = -j + a*j, 2*j - y - 7 = 0. Calculate the highest common factor of 18 and j.
2
Let c = -13147 - -19626. What is the highest common divisor of 22 and c?
11
Suppose 2*f - 5 + 11 = 0. Let y be -3 - (f + 1*-8). Suppose s - 24 = y. What is the highest common divisor of 80 and s?
16
Let j(q) = 2*q**3 - 43*q**2 + 62*q - 25. Let w be j(20). Suppose -4*f = -5*h - 1900, 5*h + 1432 = 3*f + 3*h. Calculate the highest common divisor of f and w.
15
Suppose 5*d - 8 = -k + 51, -k + d = -47. Suppose -2*w + k = 45. Suppose -7*c = -w*c - 630. What is the highest common divisor of c and 14?
14
Let z be ((-23)/92)/(5/(-4060)). What is the highest common factor of 116 and z?
29
Let i = 3303 - 3105. Calculate the highest common divisor of 6 and i.
6
Let t(d) = d**3 - 25*d**2 + 3*d - 110. Let k be t(26). Calculate the highest common factor of 308 and k.
28
Let s(q) = 8*q**2 + 157*q - 901. Let z be s(6). Calculate the greatest common divisor of z and 364.
7
Let n(i) = 2*i**2 + 376*i - 384*i + i**2 + 3*i**2 + 20. Let l be n(5). Suppose 7*k + l = 9*k. Calculate the greatest common divisor of k and 26.
13
Let r(b) = -2*b**2 + 2*b + 7. Let m be r(5). Let l = -32 - m. Suppose -2*k + l + 7 = 0. What is the highest common factor of 14 and k?
2
Let d be -33*2/12*-2. Let z be 187 + -24 + (3 - 4). Suppose 0 = 6*y - 300 - z. Calculate the greatest common factor of d and y.
11
Let j be 1/((10*2/10)/90). Let d = -30 + 7. Let x = d + j. Calculate the highest common factor of 154 and x.
22
Suppose -5*i + 2*m = -636 - 747, 3*i = -3*m + 855. What is the greatest common factor of 9 and i?
9
Let y = -52 + 45. Let b(s) = 2*s**2 + 13*s - 10. Let i be b(y). Let w be (i/5)/((-1896)/(-380) + -5). Calculate the greatest common factor of w and 19.
19
Let h = -68 - -87. Suppose -24*l = -h*l - 225. Suppose -y + 35 = -l. What is the highest common factor of y and 16?
16
Let b be (33 + (-3 - -2))*(2 - -1). Suppose 4*i = -2*l - 8, 5*i + 7 = -0*l - 3*l. Suppose 4*g - 38 = -l. What is the highest common divisor of b and g?
8
Let a(v) = -47*v + 254. Let q be a(5). Let s(r) = r**2 - 15*r - 62. Let n be s(q). What is the greatest common factor of n and 1498?
14
Suppose -2 = 4*s - 142. Let h be (-5390)/50 - 4/(-5). Let v = -102 - h. What is the highest common factor of s and v?
5
Let r(s) = -s**2 + 124*s + 14655. Let b be r(198). Let j be (-20)/(-3)*6/(-4). Let t be (-39)/(-15) - 4/j. What is the greatest common divisor of b and t?
3
Suppose -32*u - 47 = -187 - 20. Calculate the greatest common factor of u and 365.
5
Let n(z) = 8 - 17 + z - 5 + 4 + 6 + 129*z**2. Let d be n(1). Calculate the highest common factor of 54 and d.
18
Let h(i) = -28*i**3 + 2*i**2 + 48*i + 102. Let b be h(-2). Calculate the highest common divisor of 7854 and b.
238
Suppose 4 = -3*g + 1. Let n(d) = d**2 + 1. Let p be n(g). Let s = 407 + -405. What is the greatest common divisor of s and p?
2
Suppose -5*w = -4*a - 69, w = -4*a - 22 + 31. Let h be ((-10)/(-2))/((-7)/(-259)). Let s = -120 + h. What is the highest common divisor of s and w?
13
Let d(i) = -42 - 7*i - 6*i**2 - 14*i**2 - i**3 + 3*i. Let a = -26 + 6. Let s be d(a). What is the highest common divisor of s and 95?
19
Suppose 172*i - 31185 = -59*i. What is the highest common divisor of i and 195?
15
Let d = 305 - 292. Let q = -6 + d. What is the highest common factor of q and 119?
7
Let a be (19 + -16)*(4/(-3))/(8/(-18)). What is the greatest common divisor of a and 927?
9
Suppose -13*g - 2*t - 88 = -14*g, -g + 5*t = -85. Suppose -2*j + 4*o = -g, -3 = -5*j + 5*o + 237. What is the highest common factor of 3 and j?
3
Let z = -424 + 130. Let q = z - -312. What is the highest common divisor of q and 486?
18
Let j(w) = w**2 - 7*w + 8. Let a be j(6). Suppose -22*v - 12 = -l - 19*v, -4*l - 2*v = -6. What is the greatest common divisor of l and a?
1
Let v(t) be the first derivative of -2*t**3/3 - 7*t**2 - 4*t + 111. Let w be v(-3). What is the greatest common divisor of w and 5?
5
Suppose 32*g + 34*g - 372 = 4*g. What is the greatest common divisor of g and 6306?
6
Let k = 4 + 2. Let z(s) = -2*s + 17. Let f be z(k). Suppose -4*o + 0*y - f*y + 60 = 0, -o = -2*y - 15. Calculate the highest common factor of 30 and o.
15
Let z(q) = -q**3 + 2*q**2 + 19*q - 44. Let a be z(3). Suppose d = 3*s - 12, 8*s = 3*s - 2*d + 9. What is the greatest common factor of a and s?
1
Let h(n) = 8*n**3 - 4*n**2 + 3*n - 5. Let r be h(2). Suppose -5*m + 428 = -2*w, -r*m - 2*w + 412 = -44*m. Calculate the greatest common factor of 24 and m.
12
Let d = -13987 - -14147. What is the highest common factor of d and 3060?
20
Let f be 1950/3575 - (269/(-11) + 1). What is the greatest common divisor of 2436 and f?
12
Let c(f) = -3*f**3 - 10*f**2 + 3*f + 22. Let t be c(-4). What is the greatest common factor of 3248 and t?
14
Suppose 167*f - 35 = 160*f. Let n be (f - -2) + 342 + 3. Calculate the highest common factor of n and 22.
22
Suppose -2*y + 3*y - 2 = 0. Suppose -2 = -y*q + 2. Let r be (-3276)/702*(-24)/14. What is the greatest common divisor of r and q?
2
Suppose -3292 - 248 = -5*d. Calculate the highest common divisor of 5546 and d.
118
Suppose -897 + 537 = -6*v. Let i(z) be the second derivative of -z**3 - 3*z**2 + z. Let p be i(-6). Calculate the highest common factor of p and v.
30
Let t be 7314/(-42) + 3/21. Let f = t - -180. What is the highest common factor of f and 534?
6
Let k = 281 - 96. Let n = k - 59. Let a(x) = -13*x**3 - 2*x - 1. Let p be a(-1). Calculate the greatest common divisor of p and n.
14
Suppose -15 = 5*x, -3*x - 12276 = -5*w + 59373. What is the highest common divisor of w and 72?
72
Suppose 19*t - 5352 - 1298 = 0. Calculate the greatest common divisor of 600 and t.
50
Let c be (-104)/(-12) - -3 - 2/3. Suppose -172 = -c*a + 26. Calculate the greatest common factor of a and 225.
9
Let m = -39 - -39. Suppose m = 6*o - 5*o. Suppose -3*q + 15 + 24 = t, 4*q + 4 = o. Calculate the highest common divisor of 7 and t.
7
Suppose -3*w - 6641 = -10*j + 6*j, 6629 = 4*